e 12, what is -2 + -176?
-178
In base 3, what is -2011001 + 10?
-2010221
In base 13, what is -514 - 1?
-515
In base 16, what is -1 - -49c?
49b
In base 2, what is -1 - 10?
-11
In base 4, what is -20 - 0?
-20
In base 14, what is -84 - d?
-93
In base 8, what is -53 - -4?
-47
In base 6, what is -5 - -205?
200
In base 11, what is 1a9 - 7?
1a2
In base 6, what is 135 + 14?
153
In base 16, what is -132 - -3?
-12f
In base 16, what is -60 - -5a?
-6
In base 15, what is -c + -4d?
-5a
In base 14, what is -76 + 0?
-76
In base 8, what is -756 + -5?
-763
In base 7, what is 3 - 140?
-134
In base 8, what is 7 - -220?
227
In base 4, what is 230 + 2?
232
In base 6, what is 4 + 10021?
10025
In base 13, what is 1 + 8a?
8b
In base 11, what is 30 + 1?
31
In base 2, what is -1101011 - -100110?
-1000101
In base 4, what is -303 - -110?
-133
In base 13, what is 1b70 + 5?
1b75
In base 7, what is -15 + -22?
-40
In base 2, what is -11 + -10010111110?
-10011000001
In base 4, what is -1301132 - 11?
-1301203
In base 15, what is -10d - -6?
-107
In base 9, what is 388 - 26?
362
In base 3, what is -101210 - 11?
-101221
In base 12, what is -112 + 2?
-110
In base 9, what is 12 - -1?
13
In base 5, what is 24112 + -11?
24101
In base 13, what is -3b3 + -4?
-3b7
In base 6, what is -3 - -20?
13
In base 14, what is -32 + -1?
-33
In base 9, what is 385 + 5?
401
In base 9, what is -5 + -5806?
-5812
In base 3, what is -20 - -2101201?
2101111
In base 7, what is 2 + 212?
214
In base 14, what is 807 + a?
813
In base 4, what is 0 + 131?
131
In base 7, what is 2000 + 3?
2003
In base 13, what is -6 + 52?
49
In base 7, what is -6262 - 1?
-6263
In base 9, what is -76 + -13?
-100
In base 2, what is -11 - -100110?
100011
In base 14, what is -63b + 5?
-636
In base 11, what is 4 + -3?
1
In base 5, what is -10 + 430?
420
In base 9, what is 3 - -6720?
6723
In base 13, what is -6c7 - -3?
-6c4
In base 12, what is 1b - 24?
-5
In base 4, what is 3113 + -23?
3030
In base 9, what is -4 + -231?
-235
In base 6, what is -152 - 1?
-153
In base 6, what is -231 + 5?
-222
In base 10, what is -3 + -2051?
-2054
In base 14, what is 4 - 125?
-121
In base 7, what is -5 + 54?
46
In base 2, what is 1000000 - -1?
1000001
In base 4, what is -103 + -3?
-112
In base 7, what is 4 - 51?
-44
In base 11, what is -28 + -77?
-a4
In base 15, what is -7021 - 4?
-7025
In base 4, what is -1232 + -2?
-1300
In base 15, what is 21c - -8?
225
In base 4, what is 3 + 1?
10
In base 4, what is 1 + -323030?
-323023
In base 5, what is 12 + 10?
22
In base 11, what is -3 - -47?
44
In base 6, what is 0 + -313?
-313
In base 6, what is 5 - -430?
435
In base 2, what is 10001011100100 - -10?
10001011100110
In base 15, what is 2 + -3e?
-3c
In base 16, what is a7 + -5?
a2
In base 12, what is 5 - 739?
-734
In base 8, what is -25 + -27?
-54
In base 8, what is -10 + 1404?
1374
In base 16, what is 4 - ec?
-e8
In base 13, what is 3 + -14c4?
-14c1
In base 8, what is 12 + 10?
22
In base 3, what is -1022 + 20?
-1002
In base 15, what is -153 + 1?
-152
In base 12, what is -3 - -53?
50
In base 13, what is 60cb - 5?
60c6
In base 13, what is -5bb - -12?
-5a9
In base 4, what is 2 + -30?
-22
In base 4, what is -1330 + 3?
-1321
In base 12, what is -53b + -b?
-54a
In base 16, what is -3 - cd?
-d0
In base 14, what is d6 + -4?
d2
In base 6, what is -3 + -415?
-422
In base 13, what is 3 + 1cb?
201
In base 13, what is -3b - -8?
-33
In base 4, what is 21330 + -2?
21322
In base 5, what is 0 + -1002?
-1002
In base 11, what is -34 + 125?
a1
In base 5, what is 4 + -10323?
-10314
In base 10, what is -4 - 32?
-36
In base 2, what is -10011011101 - -10?
-10011011011
In base 16, what is 727 - 2?
725
In base 6, what is 5 - -123?
132
In base 15, what is 38 + -4?
34
In base 16, what is 18 + -a8?
-90
In base 2, what is -101 + -1001111?
-1010100
In base 16, what is e + -4?
a
In base 12, what is -3 - -42?
3b
In base 11, what is 0 - -444a?
444a
In base 4, what is 22213 + 2?
22221
In base 12, what is 3 + 2b6?
2b9
In base 9, what is -12612 + -5?
-12617
In base 13, what is 35 - -3?
38
In base 8, what is 5 - 2101?
-2074
In base 7, what is 54 + -5?
46
In base 2, what is -10 - -100000?
11110
In base 8, what is -7446 - -2?
-7444
In base 6, what is 25 - -353?
422
In base 15, what is -25b + 9?
-252
In base 5, what is 4032 - -10?
4042
In base 4, what is -200 - -30?
-110
In base 5, what is -412223 + 0?
-412223
In base 5, what is 2310 + 121?
2431
In base 2, what is 1 - 101000?
-100111
In base 7, what is 142 - 314?
-142
In base 3, what is 1112022 + 10?
1112102
In base 3, what is 2202 + 21?
10000
In base 9, what is 2 + 68?
71
In base 15, what is 27 - 5b?
-34
In base 6, what is 1150 - -5?
1155
In base 15, what is -3 - 54?
-57
In base 12, what is 4 - -22?
26
In base 6, what is -3 + 5?
2
In base 4, what is 0 - 2?
-2
In base 14, what is -8 - -1b?
13
In base 4, what is 200021 + -11?
200010
In base 3, what is -1 + 111112?
111111
In base 13, what is -536 + 0?
-536
In base 7, what is 4 - 15?
-11
In base 7, what is 1 - 231?
-230
In base 3, what is 2111 + -12022?
-2211
In base 14, what is a0a - 4?
a06
In base 16, what is -14e3 + -2?
-14e5
In base 12, what is -12 - -69a?
688
In base 9, what is -4 - 357?
-362
In base 14, what is -1 + 42?
41
In base 13, what is -566 + 30?
-536
In base 2, what is -101 + 100010010111?
100010010010
In base 9, what is 422 - 4?
417
In base 3, what is 21022 - 102?
20220
In base 11, what is 1521 + 1?
1522
In base 12, what is -5 - 144?
-149
In base 2, what is 10 - 100011110010?
-100011110000
In base 14, what is -5 - 50?
-55
In base 7, what is 125 + 65?
223
In base 7, what is 220 - -5?
225
In base 8, what is 642 - 1?
641
In base 16, what is -5e1 + -8?
-5e9
In base 13, what is 33 + -2?
31
In base 7, what is -3 - -23?
20
In base 11, what is -35 - 20?
-55
In base 6, what is 12141 + 3?
12144
In base 2, what is 110100100010 + -10?
110100100000
In base 5, what is -10 - 2140?
-2200
In base 14, what is -1a5 - -2?
-1a3
In base 14, what is 3 - c9?
-c6
In base 7, what is 4 + 2?
6
In base 12, what is -3 - 7?
-a
In base 11, what is 5 - 23?
-19
In base 9, what is -45 + -243?
-288
In base 12, what is -b763 - -3?
-b760
In base 8, what is -53 + -71?
-144
In base 2, what is -10 + 100011?
100001
In base 10, what is 2 - 199?
-197
In base 2, what is -100100 - 10?
-100110
In base 8, what is 3 - -6?
11
In base 8, what is -1214 - -10?
-1204
In base 4, what is 21310 + 1?
21311
In base 7, what is -156 + 320?
131
In base 4, what is 2 + -100?
-32
In base 6, what is -24 + -12533?
-13001
In base 12, what is 7137 + 5?
7140
In base 4, what is -13321 + 10?
-13311
In base 13, what is -1 - 56?
-57
In base 4, what is -2302 - -2?
-2300
In base 14, what is a + -6?
4
In base 8, what is -126 - 0?
-126
In base 10, what is 2 + 104?
106
In base 2, what is 111101 + 1?
111110
In base 2, what is 10 - 1101111110?
-1101111100
In base 3, what is 1010122 - -1?
1010200
In base 10, what is -811 + -12?
-823
In base 16, what is 18f + -4?
18b
In base 14, what is -17a1 + -1?
-17a2
In base 3, what is 2222012 + -1?
2222011
In base 2, what is -10 - 110001010?
-110001100
In base 10, what is 4 + -578?
-574
In base 3, what is -111200 - -11?
-111112
In base 2, what is -1101001 + 1111?
-1011010
In base 10, what is 16 + 26?
42
In base 14, what is d + 0?
d
In base 15, what is c8 - -19?
e2
In base 13, what is 68 + -5?
63
In base 3, what is -12 - -10222102?
10222020
In base 12, what is -50 + -b9?
-149
In base 6, what is -43 + 5?
-34
In base 3, what is 12 - 121122?
-121110
In base 10, what is -248 + -5?
-253
In base 16, what is -eb - -13?
-d8
In base 4, what is -3 + 22013?
22010
In base 3, what is -10 - -20112012?
20112002
In base 13, what is -81 - -19?
-65
In base 15, what is -6d + -c?
-7a
In base 7, what is -3 + -5106?
-5112
In base 14, what is -c - 18?
-26
In base 12, what is -b0 + -7?
-b7
In base 10, what is 502 + -5?
497
In base 15, what is 16 + -5c?
-46
In base 10, what is -2 - -323?
321
In base 14, what is 27 - -2?
29
In base 12, what is 9 + 27?
34
In base 11, what is 234 - 4?
230
In base 6, what is 31 - 4?
23
In base 14, what is -21c + 5?
-217
In base 4, what is -10300 + 133?
-10101
In base 10, what is 336 - 5?
331
In base 11, what is 38 - 3?
35
In base 10, what is 29 + 29?
58
In base 3, what is -2200 + 12?
-2111
In base 8, what is -3 - -4133?
4130
I